1 - 2454. Calculate the highest common divisor of 174 and w.
29
Suppose -3*l - 69 = -6*l. Suppose 8*k - 13325 = 475. Suppose 0*v = 25*v - k. What is the highest common factor of v and l?
23
Let v = -4343 + 4382. Calculate the highest common factor of 4043 and v.
13
Suppose 2*a + 81 - 233 = 0. Let i = a - 20. Let d(m) = -12*m + 688. Let v be d(55). What is the greatest common factor of i and v?
28
Let r be (12/(-4) + 2)*11. Let d(m) = m**3 + 10*m**2 - 13*m. Let t be d(r). Suppose 0*j + 2*j = 484. Calculate the greatest common divisor of j and t.
22
Let z be 0 + 522 - (-3)/((-30)/(-20)). Let m = 972 - z. What is the highest common factor of 28 and m?
28
Let y = -6465 - -6498. Calculate the greatest common divisor of y and 5599.
11
Suppose -5 = n - 4*d + 10, 3*n = d + 10. Suppose 3 = v - 2. Suppose 0 = -n*f - 5*m + 205, -v*m - 9 = 16. What is the highest common factor of 230 and f?
46
Suppose -3*h - 5*d = -5873, -2*h - d + 1326 = -2594. What is the greatest common factor of h and 106?
53
Let l = 7446 - 7398. What is the greatest common factor of 2752 and l?
16
Let c be (-3)/((-15)/80)*(-42)/(-24). Calculate the greatest common factor of c and 994.
14
Suppose -2*h + 3*i + 32 = 0, 0 = -3*i + i - 8. Suppose 672 = -4*y + h*y. Suppose -y = -5*x + 8. What is the highest common factor of x and 132?
12
Let x be ((-63)/14 - 0)*1584/(-8). What is the greatest common factor of x and 132?
33
Let k = 29 - -3. Suppose 25*r + 36*r - 77379 = -14915. Calculate the greatest common divisor of k and r.
32
Let h = 711 - 941. Let i = 253 + h. What is the highest common divisor of i and 1?
1
Suppose -57 = -9*f + 69. Suppose 2*j = -5*k + f, -5*k + 0*k + 10 = 0. Suppose 0 = 6*o - j - 10. Calculate the greatest common divisor of o and 3.
1
Let k = -129 + 134. Let y = -297 - -337. Calculate the highest common factor of y and k.
5
Let p(k) = 2*k**3 + 42*k**2 + 56*k + 388. Let b be p(-20). What is the highest common divisor of b and 13124?
68
Suppose -3*w - 4*j + 4 = 0, -5*w + 22 = -w - 3*j. Let p be w/((-10)/675*(-5 + 2)). Let c = 84 - 48. What is the highest common factor of c and p?
18
Suppose -2*o - 268 = -2*v, -4*v - 4*o = -2*v - 262. Let c = v - 246. Let h = -108 - c. Calculate the highest common factor of 5 and h.
5
Let u(o) = 15*o + 3*o**3 + 47 - 2*o - 4*o**3 + 9*o**2. Let n be u(-10). What is the greatest common divisor of 23 and n?
23
Let f = -10669 + 10702. What is the greatest common divisor of 1419 and f?
33
Let m(d) = -d - 16. Let q be m(-17). Let b(o) = -105*o**2 - o + 2. Let h be b(q). Let x = 154 + h. What is the greatest common divisor of x and 20?
10
Let y(r) = -23*r**3 - 7*r**2 - 5*r + 11. Let m be y(-3). Suppose -7*f = f - m. Calculate the greatest common divisor of 1 and f.
1
Suppose -2*h + g = -88, 3*g - 69 = -4*h + 87. Calculate the highest common divisor of h and 1113.
21
Suppose -89 = -57*u + u + 359. Calculate the greatest common divisor of u and 2624.
8
Let w(o) = 5*o**2 + 2*o + 1. Let n be w(-3). Let x(z) = -259*z**3 - 69*z**2 - 71*z - 1. Let s be x(-1). Calculate the highest common factor of n and s.
20
Let s(t) = t**2 + t + 1. Let r be s(-2). Suppose 3*z + 334 - 865 = 0. Let k = 204 - z. Calculate the highest common divisor of k and r.
3
Suppose -120 = -95*i + 85*i. Let l be i/16 - (-2478)/24. What is the highest common factor of 8 and l?
8
Suppose -79*j = -3449 - 8717. Calculate the highest common factor of j and 176.
22
Let v = -30680 - -58994. What is the highest common divisor of v and 9?
9
Let n(p) = -48*p + 81. Let v be n(-8). What is the highest common divisor of 124 and v?
31
Let u(f) = f**3 - 51*f**2 - 3*f + 69. Let r be u(51). Let x = r - -100. Calculate the greatest common factor of x and 736.
16
Let f be (-3)/(3267/(-1088) - -3). Suppose 33*x - f = x. What is the highest common divisor of x and 748?
34
Let p(v) be the third derivative of v**5/60 + 13*v**4/24 + 61*v**3/6 + v**2 - 74*v. Let o be p(-12). Calculate the greatest common divisor of o and 49.
49
Let y be -20 - 1750/(-84) - 49/(-6). Calculate the greatest common factor of y and 144.
9
Suppose 2*c = 10*c. Suppose c*o - 192 = 4*o. Let h = o + 49. Calculate the highest common factor of 1 and h.
1
Let o be (-339)/(-15) + 4/10. Suppose -3*r - 28 = o. Let m = r + 20. What is the highest common factor of 12 and m?
3
Let n(t) = 7*t + 23. Let g be n(-3). Let o(h) = 2*h + 123 - 45 + g*h**2 - 950*h**3 + 948*h**3. Let m be o(0). Calculate the greatest common divisor of m and 52.
26
Suppose -2*a + 1612 = 4*n, -3*a = -5*n - 4*a + 2015. Let o(u) = -u**2 - 30*u + 798. Let z be o(16). Calculate the greatest common factor of n and z.
31
Suppose 3949*k - 3925*k - 1757 = 1939. Calculate the highest common divisor of k and 1034.
22
Suppose 3039 = 3*b + 3*s, 3*b + 103*s - 106*s - 3087 = 0. Calculate the highest common factor of b and 2.
1
Let o = -9 - -11. Let q be (1 + -4)*(o + -1). Let l be q + (-28)/(-6)*6. What is the highest common factor of l and 50?
25
Let t = -35 + -30. Let q = 82 + t. Suppose 12*g - q - 31 = 0. Calculate the highest common factor of g and 68.
4
Let x be 2256/56 - (-12)/(-42). Let o be 1 + (-3 - 3*-2). Suppose 2*q + 3*j - 16 = -0*j, o*j = 2*q - 2. Calculate the highest common divisor of q and x.
5
Let y be (36/(-15))/(6/225). Let f = y - -165. Suppose -23*h + 414 - 69 = 0. Calculate the greatest common factor of h and f.
15
Let c be 1010/24 + (-54)/648. What is the greatest common factor of 714 and c?
42
Let d(j) = 105*j. Let n be d(-1). Let w = 131 + n. What is the greatest common factor of 65 and w?
13
Let r be 818*7 + (81/(-45))/(12/20). What is the greatest common factor of r and 485?
97
Let o be 339 - 2/(-3)*3. Suppose -6*t - 237 = -9*t. Let n = t - 48. Calculate the highest common divisor of o and n.
31
Let k(z) = 16*z**3 - 14*z**2 - 15*z + 21. Let s be k(6). What is the highest common divisor of s and 186?
93
Suppose -133*h + 138*h = 155. Let u be (93/12)/((-2)/(-40)). Calculate the highest common divisor of u and h.
31
Suppose -3*x + 2030 = r, 3*r - 699 = -x - 9. Let o(q) = -3*q**3 + 2*q. Let t be o(-3). Calculate the greatest common divisor of x and t.
75
Let o = 10949 - 10662. Calculate the highest common divisor of 1763 and o.
41
Suppose 0 = 2*d - 0*d + 12, -4*v - 3*d = -1002. Calculate the greatest common divisor of v and 714.
51
Suppose 5*z + 2*z - 280 = 0. Let b = 90 - z. Let f = -44 + b. Calculate the greatest common divisor of 24 and f.
6
Let h = 89 + -54. Let k = -561 + 701. Calculate the highest common divisor of h and k.
35
Suppose 2*x + 120 = -216. Let b = 178 + x. Calculate the highest common divisor of b and 80.
10
Let v = 1230 - 1206. Suppose 0 = 3*a - 8*a + 120. Suppose h = -h + a. What is the highest common factor of v and h?
12
Let m(s) = -17 - 48 - 13 - s**2 + 20*s - 2. Let h be m(8). What is the highest common divisor of 12 and h?
4
Let w(q) = 16*q**2 - 25*q + 105. Let a be w(4). What is the highest common factor of 2523 and a?
87
Let p(o) = -o**2 - 18*o + 1. Let b be p(-12). Suppose k - b = -4*y, 3*k - y - 117 - 141 = 0. What is the greatest common factor of 10 and k?
5
Let a be 43428/54 + 8/(-36). Calculate the highest common divisor of 576 and a.
12
Let z be (-3 - -3) + (-4)/(16/(-20)). Suppose -z*r = r - 42. Suppose 14*u - 126 = r*u. What is the greatest common factor of u and 36?
18
Let a = 146 + -241. Let b = a + 109. Suppose -4*o + b*o = 1840. What is the highest common factor of o and 23?
23
Let v be (0 + 1)*3 + 342/3. Let r(a) = 4*a**2 - 3*a + 3. Let m be r(2). Calculate the greatest common divisor of m and v.
13
Let p(m) = m**3 + 35*m**2 - 48*m - 24. Let r be p(-28). Calculate the highest common factor of 138 and r.
46
Let q(o) = o**3 + o**2 + 11*o + 25. Let l be q(6). What is the highest common divisor of 14 and l?
7
Suppose -6*t = 1961 + 247. Let d = t - -370. What is the highest common factor of 46 and d?
2
Suppose 2*u + 2*p = 4*u - 64, 2*p = -3*u + 116. What is the greatest common factor of u and 428?
4
Let o = -43 - -52. Suppose o = 3*n + 3. Suppose -45 = -3*p - 3*y, -9 = -n*p + 2*y + 5. Calculate the highest common factor of p and 33.
11
Suppose -5*f + 69 = -8*f. Let u = f - -56. Let m = 44 - u. Calculate the greatest common factor of 121 and m.
11
Let z = -2570 + 2828. What is the highest common factor of 2 and z?
2
Suppos